{"id":33,"date":"2021-05-17T22:51:05","date_gmt":"2021-05-18T01:51:05","guid":{"rendered":"https:\/\/www.newcenter.net.br\/provedor\/?page_id=33"},"modified":"2021-05-17T23:01:20","modified_gmt":"2021-05-18T02:01:20","slug":"5-motivos-para-voce-escolher-um-provedor-de-internet-regional","status":"publish","type":"page","link":"https:\/\/www.newcenter.net.br\/provedor\/","title":{"rendered":"5 motivos para voc\u00ea escolher um provedor de internet regional"},"content":{"rendered":"<p>Se voc\u00ea costuma passar por muitos problemas de conex\u00e3o ou precisa lidar com um suporte ao cliente bem demorado, agora \u00e9 o momento de reavaliar isso. Sabia que a solu\u00e7\u00e3o est\u00e1 em um provedor de internet regional?<\/p>\n<p>Em geral, as grandes corpora\u00e7\u00f5es que atendem em todo o Brasil n\u00e3o oferecem um atendimento de qualidade, por optarem por call centers terceirizados e atendimentos por bots, o que gera uma m\u00e1 experi\u00eancia para o cliente. J\u00e1 os provedores de internet regionais, possuem o atendimento humanizado e dentro da pr\u00f3pria empresa, garantindo assim a qualidade e agilidade no processo.<\/p>\n<p>Ent\u00e3o, leia este post e entenda mais sobre como escolher a companhia de internet adequada e veja 5 motivos para voc\u00ea optar por um provedor regional. Confira as dicas!<\/p>\n<p><strong>Por que escolher um provedor de internet adequado?<\/strong><\/p>\n<p>A internet \u00e9 fundamental para maioria das empresas, al\u00e9m do uso residencial e para divers\u00e3o. Sendo assim, ter um provedor que atenda as necessidades essenciais \u00e9 uma forma de otimizar as tarefas di\u00e1rias e evitar desgastes na rotina.<\/p>\n<p>Nesse contexto, em um neg\u00f3cio, \u00e9 preciso enviar e-mails, entrar em contato com fornecedores, responder clientes, vender produtos, administrar o site e o blog corporativo, entre outras fun\u00e7\u00f5es. Logo, fazer isso sem um bom provedor de internet \u00e9 muito dif\u00edcil, concorda?<\/p>\n<p>Ent\u00e3o, o momento de optar pelo melhor servi\u00e7o de internet \u00e9 crucial para manter o funcionamento de uma empresa. Para tanto, \u00e9 preciso ter um provedor que n\u00e3o fique perdendo a conex\u00e3o e passe nos requisitos de um teste de velocidade.<\/p>\n<p>J\u00e1 para sua vida pessoal, nada mais frustrante do que querer aproveitar um momento de lazer, assistindo a um filme ou navegando pelas redes sociais e estar off-line.<\/p>\n<p><img loading=\"lazy\" decoding=\"async\" class=\"alignnone  wp-image-35\" src=\"https:\/\/www.newcenter.net.br\/provedor\/wp-content\/uploads\/2021\/05\/32165163-300x169.jpg\" alt=\"\" width=\"602\" height=\"339\" srcset=\"https:\/\/www.newcenter.net.br\/provedor\/wp-content\/uploads\/2021\/05\/32165163-300x169.jpg 300w, https:\/\/www.newcenter.net.br\/provedor\/wp-content\/uploads\/2021\/05\/32165163-768x432.jpg 768w, https:\/\/www.newcenter.net.br\/provedor\/wp-content\/uploads\/2021\/05\/32165163.jpg 800w\" sizes=\"auto, (max-width: 602px) 100vw, 602px\" \/><br \/>\n<strong>Dicas para escolher o melhor provedor de internet<\/strong><\/p>\n<p>Antes de decidir se voc\u00ea quer um provedor de internet regional ou n\u00e3o, \u00e9 preciso prestar aten\u00e7\u00e3o a certos detalhes. Seja uma oferta melhor ou uma cobertura maior, veja o que deve avaliar nesse momento.<\/p>\n<p><strong>Conex\u00e3o<\/strong><\/p>\n<p>Existem diversos tipos de conex\u00e3o de internet, as mais comuns s\u00e3o: R\u00e1dio, a Fibra \u00d3ptica, Cabo e Via Sat\u00e9lite. A varia\u00e7\u00e3o entre elas \u00e9 a velocidade e estabilidade.<\/p>\n<p>A conex\u00e3o R\u00e1dio \u00e9 muito est\u00e1vel, embora n\u00e3o seja a mais r\u00e1pida. J\u00e1 a Fibra \u00d3ptica, apresenta um valor mais elevado, mas traz mais rapidez e estabilidade.<\/p>\n<p>Por sua vez, a conex\u00e3o por Cabo \u00e9 bem veloz, mas pode sofrer instabilidades se for utilizada por muitas pessoas ao mesmo tempo. Ainda, a conex\u00e3o Via Sat\u00e9lite \u00e9 uma op\u00e7\u00e3o indicada, em especial, para lugares mais afastados. No entanto, sua velocidade \u00e9 reduzida, o que pode n\u00e3o ser o ideal para uma empresa.<\/p>\n<p><strong>Infraestrutura<\/strong><\/p>\n<p>Ao optar por um provedor de internet adequado, considere tamb\u00e9m o tipo de estrutura que ele oferece. Afinal, a falta de uma boa organiza\u00e7\u00e3o interna j\u00e1 mostra que uma empresa n\u00e3o pode oferecer o melhor atendimento ao cliente.<\/p>\n<p>Assim, se a conex\u00e3o fala sobre a estabilidade e velocidade do servi\u00e7o, a infraestrutura \u00e9 respons\u00e1vel pela log\u00edstica e atendimento que esse provedor oferecer\u00e1 para voc\u00ea durante o tempo de contrato.<\/p>\n<p>Logo, escolher uma companhia que tenha uma \u00f3tima estrutura interna, aumenta as chances de ter a assist\u00eancia dispon\u00edvel para resolver seus problemas de uso no dia a dia.<\/p>\n<p><img loading=\"lazy\" decoding=\"async\" class=\"alignnone  wp-image-36\" src=\"https:\/\/www.newcenter.net.br\/provedor\/wp-content\/uploads\/2021\/05\/32165239a-300x200.jpg\" alt=\"\" width=\"599\" height=\"399\" srcset=\"https:\/\/www.newcenter.net.br\/provedor\/wp-content\/uploads\/2021\/05\/32165239a-300x200.jpg 300w, https:\/\/www.newcenter.net.br\/provedor\/wp-content\/uploads\/2021\/05\/32165239a-768x512.jpg 768w, https:\/\/www.newcenter.net.br\/provedor\/wp-content\/uploads\/2021\/05\/32165239a-963x642.jpg 963w, https:\/\/www.newcenter.net.br\/provedor\/wp-content\/uploads\/2021\/05\/32165239a.jpg 1024w\" sizes=\"auto, (max-width: 599px) 100vw, 599px\" \/><br \/>\n<strong>Custos extras<\/strong><\/p>\n<p>Antes de contratar um provedor de internet, avalie quais valores est\u00e3o inclusos nos pacotes dispon\u00edveis. Isso \u00e9 fundamental para evitar desgastes para sua empresa ou sua fam\u00edlia.<\/p>\n<p>Por isso, veja se ter\u00e1 gastos a mais com instala\u00e7\u00e3o, roteador, visita t\u00e9cnica, manuten\u00e7\u00e3o etc. Esses detalhes podem tornar o servi\u00e7o mais caro do que foi anunciado.<\/p>\n<p><strong>Quais as raz\u00f5es para escolher um provedor de internet regional?<\/strong><\/p>\n<p>Depois de saber mais sobre como escolher um provedor de internet, voc\u00ea j\u00e1 entendeu a import\u00e2ncia disso para o funcionamento de sua rotina. Agora, descubra as 5 raz\u00f5es do porqu\u00ea voc\u00ea deve optar por uma empresa regional.<\/p>\n<p><strong>1. Voc\u00ea recebe um atendimento humanizado<\/strong><\/p>\n<p>Nada mais desagrad\u00e1vel do que ter um problema e ficar minutos falando com um atendente virtual, n\u00e3o \u00e9? Algo que poderia ser resolvido em pouco tempo, apenas tendo uma pessoa para dizermos a dificuldade.<\/p>\n<p>Assim, um provedor de internet regional resolve esse ponto ao oferecer um atendimento humanizado. Ainda, todos os processos de organiza\u00e7\u00e3o s\u00e3o mais pr\u00e1ticos e com pouca burocracia. Essa facilidade permite que os clientes estejam mais perto, aumentando a efici\u00eancia dos servi\u00e7os.<\/p>\n<p><img loading=\"lazy\" decoding=\"async\" class=\"alignnone  wp-image-38\" src=\"https:\/\/www.newcenter.net.br\/provedor\/wp-content\/uploads\/2021\/05\/32165299a-300x200.jpg\" alt=\"\" width=\"608\" height=\"405\" srcset=\"https:\/\/www.newcenter.net.br\/provedor\/wp-content\/uploads\/2021\/05\/32165299a-300x200.jpg 300w, https:\/\/www.newcenter.net.br\/provedor\/wp-content\/uploads\/2021\/05\/32165299a-768x512.jpg 768w, https:\/\/www.newcenter.net.br\/provedor\/wp-content\/uploads\/2021\/05\/32165299a.jpg 800w\" sizes=\"auto, (max-width: 608px) 100vw, 608px\" \/><br \/>\n<strong>2. Os planos s\u00e3o mais flex\u00edveis<\/strong><\/p>\n<p>As empresas regionais oferecem mais op\u00e7\u00f5es de planos para voc\u00ea escolher. Ent\u00e3o, os pacotes fixos e que n\u00e3o permitem altera\u00e7\u00f5es ficam para tr\u00e1s. No lugar disso, voc\u00ea consegue planos flex\u00edveis e totalmente adapt\u00e1veis para a sua realidade.<\/p>\n<p>Entretanto, um provedor de internet regional tamb\u00e9m oferece planos padr\u00f5es. Isso \u00e9 feito at\u00e9 mesmo para facilitar no momento da sua escolha. Mas as empresas locais privilegiam o consumidor, oferecendo mais formas de personalizar o seu pacote de internet.<\/p>\n<p><strong>3. Voc\u00ea tem um suporte t\u00e9cnico \u00e1gil<\/strong><\/p>\n<p>Ainda que as companhias nacionais tenham t\u00e9cnicos por todo o pa\u00eds, isso n\u00e3o diminui o tempo de espera e os processos burocr\u00e1ticos para o atendimento. J\u00e1 uma empresa regional traz mais aproxima\u00e7\u00e3o com seus clientes, por isso, o suporte t\u00e9cnico \u00e9 mais \u00e1gil, em compara\u00e7\u00e3o \u00e0s corpora\u00e7\u00f5es maiores.<\/p>\n<p>Logo, ao optar por um provedor de internet regional, o seu pedido n\u00e3o passar\u00e1 por in\u00fameras fases de SAC at\u00e9 chegar ao t\u00e9cnico. Assim, voc\u00ea ter\u00e1 mais rapidez para que o servi\u00e7o seja restabelecido o quanto antes.<\/p>\n<p><strong>4. Conta com o melhor custo-benef\u00edcio<\/strong><\/p>\n<p>No momento de escolher o melhor pacote de servi\u00e7os, voc\u00ea deve avaliar pontos al\u00e9m do pre\u00e7o. Afinal, servi\u00e7os considerados piratas, por exemplo, t\u00eam um valor muito abaixo do mercado, mas trazem diversos riscos para quem adquire.<\/p>\n<p>J\u00e1 o provedor regional traz o benef\u00edcio de oferecer a qualidade de internet compat\u00edvel com o valor pago. Sendo assim, n\u00e3o se iluda com valores menores, que podem trazer muito mais dores de cabe\u00e7a no decorrer do contrato.<\/p>\n<p><strong>5. Voc\u00ea pode acessar servi\u00e7os a mais<\/strong><\/p>\n<p>Com um bom provedor regional, voc\u00ea consegue evitar a internet lenta, al\u00e9m de contar com um suporte mais veloz e um atendimento humanizado. Para complementar essas vantagens, \u00e9 poss\u00edvel tamb\u00e9m selecionar servi\u00e7os extras.<\/p>\n<p>Nesse caso, voc\u00ea pode escolher, por exemplo, um backup corporativo, ideal para manter a seguran\u00e7a da informa\u00e7\u00e3o. Dessa forma, \u00e9 poss\u00edvel montar um plano de acordo com a sua necessidade em casa ou em sua empresa.<\/p>\n<p>Ao saber os motivos para escolher um provedor de internet regional, voc\u00ea tem mais informa\u00e7\u00f5es para fazer a op\u00e7\u00e3o correta ao seu perfil. Dessa forma, ter\u00e1 mais estabilidade e assist\u00eancia adequada no servi\u00e7o contratado. Se quiser saber mais sobre os pacotes dispon\u00edveis, confira os planos de internet da <span style=\"color: #993300;\"><strong>NcNet Cruzeiro Wifi<\/strong><\/span> feitos especialmente para voc\u00ea.<\/p>\n","protected":false},"excerpt":{"rendered":"<p>Se voc\u00ea costuma passar por muitos problemas de conex\u00e3o ou precisa lidar com um suporte ao cliente bem demorado, agora \u00e9 o momento de reavaliar isso. Sabia que a solu\u00e7\u00e3o<span class=\"more-button\"><a href=\"https:\/\/www.newcenter.net.br\/provedor\/\" class=\"more-link\">Leia Mais<span class=\"screen-reader-text\">5 motivos para voc\u00ea escolher um provedor de internet regional<\/span><\/a><\/span><\/p>\n","protected":false},"author":1,"featured_media":0,"parent":0,"menu_order":0,"comment_status":"closed","ping_status":"closed","template":"","meta":{"footnotes":""},"class_list":["post-33","page","type-page","status-publish","hentry"],"_links":{"self":[{"href":"https:\/\/www.newcenter.net.br\/provedor\/wp-json\/wp\/v2\/pages\/33","targetHints":{"allow":["GET"]}}],"collection":[{"href":"https:\/\/www.newcenter.net.br\/provedor\/wp-json\/wp\/v2\/pages"}],"about":[{"href":"https:\/\/www.newcenter.net.br\/provedor\/wp-json\/wp\/v2\/types\/page"}],"author":[{"embeddable":true,"href":"https:\/\/www.newcenter.net.br\/provedor\/wp-json\/wp\/v2\/users\/1"}],"replies":[{"embeddable":true,"href":"https:\/\/www.newcenter.net.br\/provedor\/wp-json\/wp\/v2\/comments?post=33"}],"version-history":[{"count":3,"href":"https:\/\/www.newcenter.net.br\/provedor\/wp-json\/wp\/v2\/pages\/33\/revisions"}],"predecessor-version":[{"id":41,"href":"https:\/\/www.newcenter.net.br\/provedor\/wp-json\/wp\/v2\/pages\/33\/revisions\/41"}],"wp:attachment":[{"href":"https:\/\/www.newcenter.net.br\/provedor\/wp-json\/wp\/v2\/media?parent=33"}],"curies":[{"name":"wp","href":"https:\/\/api.w.org\/{rel}","templated":true}]}}